 2*y, 0*g + 3*g + c*y - 144 = 0. Calculate the remainder when g is divided by 15.
13
Let r = 147 + -34. Suppose 2*w = 3*w - r. Suppose 5*p + 121 = 4*a, 4*a + 6*p = 3*p + w. Calculate the remainder when a is divided by 8.
5
Let a(m) = -m**2 + 7*m + 3. Let f be a(7). Suppose -b = t - 8, f*b - 3*t + 8*t = 18. What is the remainder when ((-530)/105 - (-16)/(-56))*-6 is divided by b?
10
Calculate the remainder when 5/((-15)/(-106))*(-420)/(-280) is divided by 21.
11
Let h(b) = 2*b**2 - 4*b + 7. Let s be (-58)/(-18) - 8/36. Let l(j) = j**3 + 4*j**2 - 7*j - 26. Calculate the remainder when h(s) is divided by l(-4).
1
Suppose f + 151 = 1343. Suppose f + 278 = 42*j. What is the remainder when j is divided by 6?
5
Suppose 5*x - 5 - 8 = -4*s, -5*s + 10 = 0. What is the remainder when 164 is divided by x/(-2)*-4 + 53?
54
Let y(m) = m**3 - 5*m**2 + 8. Let q(f) = 6*f**2 + f. Let v be q(-1). Suppose -21*a + 308 = -448. What is the remainder when a is divided by y(v)?
4
Suppose 0 = -14849*w + 14854*w - 635. Calculate the remainder when 436 is divided by w.
55
Suppose 91*x - 98*x = 3556. Let c = 571 + x. What is the remainder when c is divided by 33?
30
Suppose -3*u = -k - 2*k - 18, 0 = 2*u + k - 6. Suppose -3*i + 10 = d - 4, -2*i = u*d - 76. What is the remainder when ((-84)/(-105))/(2/185) is divided by d?
14
Let w = 4 - 2. Suppose w*f - 752 = -2*f. Suppose -20294*u + 5358 = -20012*u. Calculate the remainder when f is divided by u.
17
What is the remainder when 238 is divided by -17 + 155 + 320/(-16)?
2
Suppose 2*c - 2*r - 74 = 0, 2*c + 4*r - 467 + 429 = 0. What is the remainder when 7621 is divided by c?
26
Suppose 0 = 42*t - 200*t + 68572. What is the remainder when 450 is divided by t?
16
Suppose 3*y = -2*b + 5, -2*b - y = -1 + 2. Calculate the remainder when (b - 1291)*(-6)/18 is divided by 14.
11
Let x = 59 + -61. Let q be (-2 - x)*(-5)/(-15). Suppose -12 = -l - q*l. What is the remainder when 56 is divided by l?
8
Let g(i) = -i**2 + 10*i - 12. Let m(y) = -y**2 + 55. Let d be m(7). Suppose -64 = -d*o - 34. What is the remainder when o is divided by g(8)?
1
Let f = 453 + -229. Suppose -29*a + 2*j + 53 = -28*a, 4*a - f = 4*j. What is the remainder when 176 is divided by a?
58
Suppose -l = 10, -2*d + 0*d + 8*l - 4*l + 86 = 0. Suppose 6*w = 2*w + 1264. What is the remainder when w is divided by d?
17
Let z = 38 - -20. Let b = 584 + -564. Calculate the remainder when z is divided by b.
18
What is the remainder when 360 is divided by (3 - 39)/12*(-61)/3?
55
Suppose 4*y - 105 = 7. Let w = -27570 - -27590. What is the remainder when y is divided by w?
8
Let m = 10 + 18. Calculate the remainder when (270/33 - 7/((-770)/(-20))) + 103 is divided by m.
27
Let m = 197 + -81. Suppose -4*q + 2*a = -m, -147 = 3*q - 8*q + 3*a. Let t(n) = n**2 - 20*n + 85. What is the remainder when q is divided by t(15)?
7
Suppose 2288 = -9*z + 6389 + 6915. Calculate the remainder when z is divided by 154.
146
Suppose 3*s = 9*s - 678. Suppose 3*t = 2*a - 219, -a + t = 3*t - s. Calculate the remainder when a is divided by 19/(-2)*(-14)/7.
16
Let k(l) = -l**3 - 3*l**2 + 155*l + 1719. What is the remainder when k(-12) is divided by 60?
15
Let p = 143 + -141. Let j be 30*(36/4)/(2*-1). Let t = j + 145. What is the remainder when t is divided by p?
0
What is the remainder when 96 is divided by (1 + (-507)/65)*-5?
28
Suppose 0 = -4*w - 0*w + 3*c + 51, -2*c = 5*w - 81. Let h = 31 - w. Suppose 5*a - h = 34. What is the remainder when 13 is divided by a?
3
Let t(b) = 140*b - 339. What is the remainder when t(9) is divided by 37?
33
Suppose 0 = 3*v - v - 14. Let t(y) = -y**2 - 6*y + 18. Let n be t(-14). Let m = n + 135. Calculate the remainder when m is divided by v.
6
Let v(k) = -6*k - 6. Let w(j) = j**2 - 7*j + 27. Let y be w(4). Let l = y + 50. Calculate the remainder when l is divided by v(-5).
17
Suppose 101 = 6*r + 71. Suppose r*m - 240 = -5*l, -2*m + 6*m - l - 197 = 0. Calculate the remainder when 195 is divided by m.
48
Let j(t) = 15*t + 716. Calculate the remainder when j(-35) is divided by 100.
91
Suppose -4*h = -3*h. Suppose h = -f + 3*f - 52. Let g = 65849 - 65774. Calculate the remainder when g is divided by f.
23
Let h = 5 - 6. Calculate the remainder when 35 is divided by (-13*h/2)/(50/100).
9
Let r(o) = o**3 + 8*o**2 - 2*o - 19. Let w be r(-8). Let q(x) = -5*x + 1 + 1 + 4*x**2 - 9 - x**2. Calculate the remainder when q(w) is divided by 12.
11
Let l = 245 + -221. Suppose 5*f = -l + 214. What is the remainder when f is divided by 22?
16
Suppose -212*r = -235*r + 391. Calculate the remainder when 79 is divided by r.
11
What is the remainder when 208 is divided by (-3 - 12)/(60/(-240))?
28
Let h(v) = 6*v**2 - 3. Let n(l) = -15051*l - 14748. What is the remainder when n(-1) is divided by h(3)?
48
Let h(y) = 7*y - 16. Let q be h(2). Let i be 24 + (-5 - (0 + q)). Let c = i - 3. What is the remainder when 67 is divided by c?
13
Let o be (-88)/(-18) + 11*(-7)/(-693). Suppose 3*d = d + 2*v + 38, -4*v - 98 = -o*d. What is the remainder when 57 is divided by d?
13
Suppose -11*v + 209 = -33. Let u(m) be the first derivative of 2*m**3 + m**2 + m - 7. What is the remainder when v is divided by u(-1)?
2
Suppose 0 = -l - 7*l + 3528. Let i = l - 413. Calculate the remainder when 50 is divided by i.
22
Suppose 0 = 4*i - 24, o + 4*i - 10525 = -0*i. What is the remainder when o is divided by 9?
7
Let k = 3424 - 3413. Calculate the remainder when 165 is divided by k.
0
Let h(g) = 278*g + 20306. Suppose 2*r - 210 = -r. Calculate the remainder when r is divided by h(-73).
10
Let y = 183 - 290. Let a = 145 + y. Calculate the remainder when 111 is divided by a.
35
Let k = 51 + -49. Suppose -1815 = -5*l + t, 2*l + 3*t - 726 = -k*t. Suppose -11*r = -0*r - l. What is the remainder when r is divided by 9?
6
Suppose 70 = -2*k + 9*k. Let o = -1 + k. What is the remainder when 51 is divided by o?
6
Let b = 106 + -69. Calculate the remainder when (5/(-20))/((-16)/9344) is divided by b.
35
Suppose -q = -4*i - 0*i - 24, 3*i = -5*q + 166. Let g be -4 + 1 + -41 + 46. What is the remainder when q is divided by (2 + 0)/g - 90/(-9)?
10
What is the remainder when 191*(-1 + (-24)/(-12)) is divided by 6?
5
Let a = -7 - -12. Suppose 25*b = 24*b. Suppose 4*q - 2*v - 82 = b, -v + 0 = q - 13. What is the remainder when q is divided by a?
3
Let l be -5*(-3 + 11)*-1. Suppose 0 = q - 33 - 117. Suppose 5*p + f - 148 = l, -4*p = f - q. What is the remainder when 74 is divided by p?
36
Let m(q) = -495*q - 395. Calculate the remainder when 882 is divided by m(-1).
82
Suppose -5*s + 5*q + 6145 = 0, 4*q + 3871 - 1425 = 2*s. Calculate the remainder when s is divided by 410.
5
What is the remainder when -14 - (207*-28)/9 is divided by 57?
3
Let w(p) = 492*p**2 - 49*p + 107. What is the remainder when w(2) is divided by 132?
129
Let g be (317 - 6)/(-6 - -7). Let n = g + -257. Calculate the remainder when n is divided by 2/((3/(-18))/(-1)).
6
Let v = 87 - 83. Suppose -3*a + 26 = v*l, -2*l - a + 17 = 5. Calculate the remainder when -3 + -6 + 3 + 19 is divided by l.
3
Let n(b) = b**3 - 14*b**2 + 141*b + 8. What is the remainder when n(7) is divided by 41?
37
Suppose -18950 = -25*r - 7500. What is the remainder when r is divided by 7?
3
Suppose 8 = 12*m - 28. Let o = 182 - m. What is the remainder when o is divided by 45?
44
Let m = -7312 - -16085. What is the remainder when m is divided by 2922?
7
Let x be 8*78/2*22/24. Let j = x + -250. What is the remainder when 64 is divided by j?
28
Calculate the remainder when (-4)/(-14) + (969/(-38))/((-14)/864) is divided by 93.
86
Let r(i) = -3*i + 17. Let q be r(3). Let n(h) = 3*h**3 - 21*h**2 - 17*h - 9. Calculate the remainder when n(q) is divided by 2.
1
Let c(f) = f**3 + 10*f**2 - 28*f - 38. What is the remainder when 77 is divided by c(-12)?
7
Calculate the remainder when (-3 + -476)/((-42)/126*6/2) is divided by 20.
19
Let h be -1*(8 - 395 - 2). Suppose -f + 26 - 196 = 0. Let k = f + h. What is the remainder when k is divided by 13?
11
Suppose 0 = -5*m - r + 70, -15 = 4*r - r. What is the remainder when (6/27 - 66/(-189))/((-4)/(-406)) is divided by m?
13
Let w = 402 - 770. Let g = w - -420. Calculate the remainder when 309 is divided by g.
49
What is the remainder when (-3 + 0 + 2)*(-3349